se 5*q - 3*v - 215 - 2906 = 0, 4*q + 4*v = i. Is (-2 + 0)*q/(-2) a composite number?
True
Let l(u) = 3830*u + 2. Let g be l(-1). Let n = -1247 - g. Is n composite?
True
Let w(x) = 2*x. Let u be w(5). Is 9464/40 - (-4)/u composite?
True
Suppose u - 4*u = -3. Is (3*2324/24)/(u/2) prime?
False
Let l(s) = 680*s**2 + 11*s + 40. Is l(-3) a prime number?
False
Suppose 29*g - 80822 = 15*g. Is g a composite number?
True
Suppose -19*i + 119791 = -47143. Suppose 11026 = 12*l - i. Is l a prime number?
False
Suppose b - 6 - 2 = -j, 2*j = 4*b - 38. Suppose 0 = -b*m + 2707 + 272. Is m prime?
True
Let x(t) = 135*t**2 - 101*t - 19. Is x(9) a composite number?
False
Let t(p) = 2*p**2 + 2*p - 7. Let a be t(-3). Suppose j + 4*b - 2076 + 91 = 0, 5*j - 9850 = a*b. Is j prime?
True
Let s be 4/3*27/(-6). Let t(o) = 13*o - 4. Let k(h) = -12*h + 5. Let v(n) = s*k(n) - 5*t(n). Is v(11) composite?
False
Suppose t = 31804 + 48847. Is t prime?
True
Suppose 14*z = 11*z + 7860. Suppose z = -2*d + 6*d. Suppose -5*o + 0*o = -d. Is o composite?
False
Let v(f) = -f + 17. Let s be v(15). Let w be 3 - (s - -3 - -1). Is -79*((-4)/(-2) + w) a prime number?
True
Let n(r) = -r**3 + 39*r**2 - 2*r + 34. Is n(33) a composite number?
True
Let t(v) = -2*v**3 - 3*v**2 + 20*v + 2. Let o be t(-10). Suppose 16*n - 14*n = o. Is n composite?
False
Let r be (2/7)/(10/140). Suppose -303 = -r*z - 115. Is z a prime number?
True
Let a(z) = z**2 - 4*z - 1. Let x be a(5). Suppose 2*f - 531 = -h - 60, -h - x*f + 463 = 0. Is h a composite number?
False
Let b(k) = 15*k**3 + 4*k**2 + 50*k + 2. Is b(13) prime?
True
Is (-15567)/(-4) - (1 + (-2)/8) a prime number?
False
Let t(v) = 55*v**2 - 2*v - 6. Let x(u) = 28*u**2 - u - 3. Let k(h) = -3*t(h) + 7*x(h). Is k(2) composite?
True
Suppose -4*n = r + 3 - 2, 5*n = -5. Suppose -t - r = -3*t + 3*i, 10 = 5*t - 5*i. Is (t/9)/((-2)/(-222)) composite?
False
Let p be 4/6 + (-1524)/(-9). Let h(g) = -g**3 + 2*g**2 + 4*g - 3. Let z be h(3). Suppose z = n + 43 - p. Is n a prime number?
True
Suppose -4*g - 28 = -4*w, 3*g + 10 = 1. Suppose -5*v + 3*v = -w. Suppose 3*l = -v*o + 951, 3*o + o - 1264 = -4*l. Is l prime?
False
Suppose -10*m + 2 = -8*m. Let s(k) = 119*k**3 + k**2 - k. Is s(m) composite?
True
Suppose 43*v - 38*v = 6995. Is v a composite number?
False
Let g(f) be the first derivative of 11*f**5/20 + f**3/6 - f**2/2 + 3*f + 5. Let z(n) be the first derivative of g(n). Is z(2) composite?
False
Let a(s) = s**3 + 6*s**2 - 2*s - 12. Let o be a(7). Suppose 20*d - 21*d + o = 0. Is d a composite number?
True
Let j(p) = 6*p**2 - 4*p - 3. Let w(o) = o + 12. Let f be w(6). Let m = f + -8. Is j(m) a prime number?
True
Let o(q) = 4*q + 0 + 17*q**2 - 4*q**2 + 2 - 1. Suppose -9 = 3*w - 0*w. Is o(w) prime?
False
Suppose 3*a - 2 - 13 = 0. Suppose 3*v = -9, -a*m + 3*m = 5*v - 77. Suppose -x - 285 = -5*i, 5*x = 5*i + m - 311. Is i composite?
True
Suppose 0 = -5*y + 13 + 2. Suppose -t + 11 = y. Suppose 3*i + 565 = t*i. Is i prime?
True
Let k(a) = -22*a + 1. Let f be k(1). Let g = -25 + 11. Let s = g - f. Is s prime?
True
Let s(j) = 3*j**3 + 8*j**2 + 10*j - 6. Let o be s(7). Let n = o - 952. Is n a prime number?
False
Suppose w + 4*b + 34 = 3*w, -2*w - 4*b = -2. Suppose 5*v - 1 = w. Suppose 2*h - 8 = -v*h. Is h a composite number?
False
Let c(d) be the first derivative of -d**2 + d - 13 - 1/2*d**4 + 10/3*d**3. Is c(-7) a composite number?
True
Let c(t) = -36*t**2 + 6*t - 34. Let k(x) = 18*x**2 - 3*x + 17. Let w(y) = 6*c(y) + 13*k(y). Is w(4) a prime number?
True
Suppose -g - 855 = 687. Let w = 883 + g. Let u = -436 - w. Is u a composite number?
False
Suppose -229 = -2*g - 2*l + 327, 2*g - 5*l - 535 = 0. Suppose 4*s - g = -5*w, 2*w - 6 = s + 104. Is w a prime number?
False
Let x(g) = 54*g - 7. Suppose -1 = -y + 4*h + 25, 5*h + 43 = 3*y. Is x(y) prime?
True
Let l = 37143 - 25544. Is l a composite number?
True
Suppose 2*t - 5 = 1. Let v = 507 - 353. Suppose -13 = t*y - v. Is y prime?
True
Suppose -4*q + s = -7635, -16*q = -14*q - s - 3817. Is q a prime number?
False
Let t be (80/(-56))/(2/(-14)). Suppose 0 = -5*f, 4*o - f - 2 = t. Is (-524 - 0)*o/(-12) composite?
False
Let d(g) = -970*g. Let u be d(-1). Let y be (-1 + 3/2)*16. Suppose u = -6*p + y*p. Is p a composite number?
True
Let z(m) = -m**3 + 3*m**2. Let b be z(3). Let v be (2 + -2)/4 + b. Is v - -555 - (0 + 2) a prime number?
False
Let c(n) = 13073*n - 453. Is c(4) composite?
False
Let f(h) = -616*h - 241. Is f(-12) a prime number?
True
Suppose -40*a - 885 = -45*a. Is a a prime number?
False
Suppose -33*m + 2236703 = 16*m. Is m a prime number?
False
Is 70*9 + 1 + -2 prime?
False
Let c(q) = -q**3 - 8*q**2 - 5*q - 7. Let x(r) = -r**3 + 8*r**2 + 11*r - 13. Let i be x(9). Let h = -3 - i. Is c(h) a composite number?
True
Let g(m) = 75 + 78 - 164 + 536*m. Is g(5) a composite number?
True
Let c be ((-1)/(-2))/(3/9906). Suppose 4*a - 7*a + 4*s + c = 0, s - 1119 = -2*a. Is a a composite number?
False
Is 2 - 5 - -13261*(6 - 4) a prime number?
False
Let b(v) be the first derivative of -20*v**2 + 29*v + 8. Is b(-12) a prime number?
True
Let g = -1607 + 3170. Is g prime?
False
Suppose 6 = -2*z + 12. Suppose 4*o - 4*n = 2348, z*o = 2*n + 1281 + 479. Is o*(-4 - (-9)/2) a composite number?
False
Let x = 10 + -5. Suppose h + 25 = -2*i - i, -55 = x*h + i. Let f(t) = -15*t + 13. Is f(h) a prime number?
True
Suppose d + l = 17, -4*l = -d + 40 - 3. Suppose d*x - 25*x = 140. Let n = 58 + x. Is n composite?
False
Let a be (4/2*2)/1. Suppose -o = -a*o. Suppose -2*z + t + 234 = 0, -2*t + o*t = -3*z + 349. Is z prime?
False
Suppose 89 + 338 = -5*p - a, 0 = 2*p + 3*a + 163. Let q = p + 171. Is q prime?
False
Let i be (-5262)/(-1) + (-12)/6. Suppose 0 = -0*r + 4*r - i. Is r composite?
True
Let p(u) = -636*u - 334. Is p(-13) composite?
True
Suppose 0 = 3*o + 15, -4*t - o + 101189 = 2*o. Is t a prime number?
True
Suppose -a - 242 = -m, 0 = -3*m + 5*a - a + 729. Let t = 158 - m. Let x = t - -164. Is x a composite number?
False
Let j be (-50)/(-4) + (12/8 - 1). Suppose j*s - 27011 = -7888. Is s prime?
True
Is -1 + 1*9337 - (227 + -228) a composite number?
False
Let y = -5489 - -7702. Is y composite?
False
Is 2/4 + (-12)/((-240)/47170) a prime number?
False
Suppose -102 = 2*a - 94. Is (21265/(-10))/(2/a) a composite number?
False
Suppose 174497 + 138438 = 35*t. Is t a composite number?
False
Suppose 0 = 5*k + i - 614, 3*i + 4 = -i. Suppose -5*w + m = 18 - k, -3*m - 95 = -5*w. Is w composite?
True
Let f be 7/((-21)/6) - (-41 + 1). Suppose 403 - f = w. Is w prime?
False
Suppose 0 = b, 5*b = -0*u + 2*u - 33818. Is u prime?
False
Let i be (-9)/(-3)*-1 + 6. Suppose 0 = 2*f - i*l + 696 - 4574, 5*f - 5*l - 9705 = 0. Is f a prime number?
False
Is 68/119 + 51946/14 prime?
False
Suppose -19418 + 6326 = -12*k. Is k a prime number?
True
Let d = 665 - 464. Suppose 4*g + 144 = -2*s, -2*s + 4*g = 197 - 13. Let w = s + d. Is w prime?
False
Let d be -3 + (-3)/(12/(-40)). Suppose -2*o - 30 = -d*o. Suppose r = o*r - 815. Is r prime?
True
Let h be ((-2)/(-4))/((-3)/(-2130)). Suppose 3*s + 2*s + h = 0. Let c = -49 - s. Is c a prime number?
False
Let l be 32/12 - 2/3. Suppose -4*f + l = -6. Suppose 0*r + f*r + 650 = 4*q, 4*q = -4*r + 656. Is q composite?
False
Let x(p) = p + 9. Let l be x(-9). Suppose 3*g - 2*g - 6 = l. Let o = 59 - g. Is o composite?
False
Suppose 7*n - 2*n - 265 = 0. Let q(u) = -u**3 + 4*u**2 + u - 11. Let a be q(5). Let x = a + n. Is x composite?
True
Is 4/(-56)*4*-33131 prime?
False
Let p(b) = 277*b**2 + 2*b - 1. Let x be p(1). Suppose 0 = 3*n - 91 - x. Is n a prime number?
False
Let r be 0/(-3) - 1 - 263. Let q = 524 + r. Let c = q + -133. Is c a composite number?
False
Let h(n) = n**3 + 12*n**2 - 6*n + 1. Let d(u) = 4 - 11 - 12 + 0 + u. Let p be d(13). Is h(p) a prime number?
False
Suppose -10*n + 18*n - 256936 = 0. Is n a prime number?
True
Is 16184/24 - (-8)/(-6) composite?
False
Let w = 8693 + -5504. Is w composite?
True
Let h = -59527 - -127920. Is h a prime number?
False
Let x be (-2 - -2 - -1)*-41. Let u = 56 + x. Is u prime?
False
Let x be (-1 - 4)*(-33)/55. Suppose x*n + 2*n - 495 = 0. Suppose 0*v = -3*v + n. Is v a composite number?
True
Suppose 5558 = 4*b + 3*n - 240, -3*b + 3*n + 4359 = 0. Is b a prime number?
True
Let r(x) = 211*x - 2. Let u be r(1